{"id":1259,"date":"2022-08-10T22:38:34","date_gmt":"2022-08-10T22:38:34","guid":{"rendered":"https:\/\/fernandoversiani.com.br\/site\/?page_id=1259"},"modified":"2022-08-15T18:50:17","modified_gmt":"2022-08-15T18:50:17","slug":"arquitetos","status":"publish","type":"page","link":"https:\/\/fernandoversiani.com.br\/site\/arquitetos\/","title":{"rendered":"Arquitetos"},"content":{"rendered":"\t\t<div data-elementor-type=\"wp-page\" data-elementor-id=\"1259\" class=\"elementor elementor-1259\" data-elementor-post-type=\"page\">\n\t\t\t\t<div class=\"elementor-element elementor-element-daa23c7 e-flex e-con-boxed e-con e-parent\" data-id=\"daa23c7\" data-element_type=\"container\" data-e-type=\"container\" data-settings=\"{&quot;background_background&quot;:&quot;classic&quot;,&quot;jet_parallax_layout_list&quot;:[]}\">\n\t\t\t\t\t<div class=\"e-con-inner\">\n\t\t\t\t<div class=\"elementor-element elementor-element-553dbca elementor-widget elementor-widget-heading\" data-id=\"553dbca\" data-element_type=\"widget\" data-e-type=\"widget\" data-widget_type=\"heading.default\">\n\t\t\t\t<div class=\"elementor-widget-container\">\n\t\t\t\t\t<h2 class=\"elementor-heading-title elementor-size-default\">ARQUITETOS\n<\/h2>\t\t\t\t<\/div>\n\t\t\t\t<\/div>\n\t\t\t\t<div class=\"elementor-element elementor-element-7b87ffe elementor-widget-divider--view-line elementor-widget elementor-widget-divider\" data-id=\"7b87ffe\" data-element_type=\"widget\" data-e-type=\"widget\" data-widget_type=\"divider.default\">\n\t\t\t\t<div class=\"elementor-widget-container\">\n\t\t\t\t\t\t\t<div class=\"elementor-divider\">\n\t\t\t<span class=\"elementor-divider-separator\">\n\t\t\t\t\t\t<\/span>\n\t\t<\/div>\n\t\t\t\t\t\t<\/div>\n\t\t\t\t<\/div>\n\t\t\t\t<div class=\"elementor-element elementor-element-22741e5 elementor-widget elementor-widget-text-editor\" data-id=\"22741e5\" data-element_type=\"widget\" data-e-type=\"widget\" data-widget_type=\"text-editor.default\">\n\t\t\t\t<div class=\"elementor-widget-container\">\n\t\t\t\t\t\t\t\t\t<section class=\"page-section banner-int\"><div class=\"container\"><div class=\"content-center\"><p>Enquanto voc\u00ea ainda n\u00e3o definiu a escolha do seu im\u00f3vel, imagine como poder\u00e1 ficar, \u201cdegustando&#8221; o trabalho de dois escrit\u00f3rios de arquitetura consagrados e premiados do Rio de Janeiro. Tenho imenso prazer em compartilhar com voc\u00ea os projetos dos craques da arquitetura e design de interiores, Beto Figueiredo e Luiz Eduardo Almeida, da Ouri\u00e7o Arquitetura, e Erick Figueira de Mello. Aproveite!<\/p><\/div><\/div><\/section><section class=\"lista-arquitetos\"><div class=\"slider-arquitetos\">\u00a0<\/div><\/section>\t\t\t\t\t\t\t\t<\/div>\n\t\t\t\t<\/div>\n\t\t\t\t\t<\/div>\n\t\t\t\t<\/div>\n\t\t<div class=\"elementor-element elementor-element-0a556ae e-flex e-con-boxed e-con e-parent\" data-id=\"0a556ae\" data-element_type=\"container\" data-e-type=\"container\" data-settings=\"{&quot;jet_parallax_layout_list&quot;:[]}\">\n\t\t\t\t\t<div class=\"e-con-inner\">\n\t\t\t\t<div class=\"elementor-element elementor-element-2c26bfb elementor-widget elementor-widget-heading\" data-id=\"2c26bfb\" data-element_type=\"widget\" data-e-type=\"widget\" data-widget_type=\"heading.default\">\n\t\t\t\t<div class=\"elementor-widget-container\">\n\t\t\t\t\t<h2 class=\"elementor-heading-title elementor-size-default\">OURI\u00c7O ARQUITETURA E DESIGN<\/h2>\t\t\t\t<\/div>\n\t\t\t\t<\/div>\n\t\t\t\t\t<\/div>\n\t\t\t\t<\/div>\n\t\t<div class=\"elementor-element elementor-element-d7c3c27 e-con-full e-flex e-con e-parent\" data-id=\"d7c3c27\" data-element_type=\"container\" data-e-type=\"container\" data-settings=\"{&quot;jet_parallax_layout_list&quot;:[]}\">\n\t\t\t\t<div class=\"elementor-element elementor-element-0c544c7 elementor-widget elementor-widget-jet-carousel\" data-id=\"0c544c7\" data-element_type=\"widget\" data-e-type=\"widget\" data-settings=\"{&quot;slides_to_show&quot;:&quot;3&quot;,&quot;slides_to_scroll&quot;:&quot;1&quot;}\" data-widget_type=\"jet-carousel.default\">\n\t\t\t\t<div class=\"elementor-widget-container\">\n\t\t\t\t\t<div class=\"elementor-jet-carousel jet-elements\"><div class=\"jet-carousel-wrap\">\n\t<div class=\"jet-carousel\" data-slider_options=\"{&quot;autoplaySpeed&quot;:5000,&quot;autoplay&quot;:true,&quot;infinite&quot;:true,&quot;centerMode&quot;:false,&quot;centerPadding&quot;:&quot;50px&quot;,&quot;pauseOnHover&quot;:false,&quot;speed&quot;:500,&quot;arrows&quot;:true,&quot;dots&quot;:false,&quot;variableWidth&quot;:false,&quot;prevArrow&quot;:&quot;.jet-carousel__prev-arrow-0c544c7&quot;,&quot;nextArrow&quot;:&quot;.jet-carousel__next-arrow-0c544c7&quot;,&quot;rtl&quot;:false,&quot;fractionNav&quot;:false}\" dir=\"ltr\">\n\t<div class=\"elementor-slick-slider\">\n\n<div class=\"jet-carousel__item\">\n\t<div class=\"jet-carousel__item-inner\"><a href=\"#\" class=\"jet-carousel__item-link\" ><img decoding=\"async\" src=\"https:\/\/fernandoversiani.com.br\/site\/wp-content\/uploads\/2022\/08\/img-02.jpg\" class=\"jet-carousel__item-img\" alt=\"img-02\" loading=\"lazy\"><\/a><div class=\"jet-carousel__content\"><\/div><\/div>\n<\/div>\n\n<div class=\"jet-carousel__item\">\n\t<div class=\"jet-carousel__item-inner\"><a href=\"#\" class=\"jet-carousel__item-link\" ><img decoding=\"async\" src=\"https:\/\/fernandoversiani.com.br\/site\/wp-content\/uploads\/2022\/08\/img-01.jpg\" class=\"jet-carousel__item-img\" alt=\"img-01\" loading=\"lazy\"><\/a><div class=\"jet-carousel__content\"><\/div><\/div>\n<\/div>\n\n<div class=\"jet-carousel__item\">\n\t<div class=\"jet-carousel__item-inner\"><a href=\"#\" class=\"jet-carousel__item-link\" ><img decoding=\"async\" src=\"https:\/\/fernandoversiani.com.br\/site\/wp-content\/uploads\/2022\/08\/img-00.jpg\" class=\"jet-carousel__item-img\" alt=\"img-00\" loading=\"lazy\"><\/a><div class=\"jet-carousel__content\"><\/div><\/div>\n<\/div>\n\n<div class=\"jet-carousel__item\">\n\t<div class=\"jet-carousel__item-inner\"><a href=\"#\" class=\"jet-carousel__item-link\" ><img decoding=\"async\" src=\"https:\/\/fernandoversiani.com.br\/site\/wp-content\/uploads\/2022\/08\/img-03.jpg\" class=\"jet-carousel__item-img\" alt=\"img-03\" loading=\"lazy\"><\/a><div class=\"jet-carousel__content\"><\/div><\/div>\n<\/div>\n<\/div><div class=\"jet-carousel__prev-arrow-0c544c7 jet-arrow prev-arrow\"><i aria-hidden=\"true\" class=\"fas fa-angle-left\"><\/i><\/div><div class=\"jet-carousel__next-arrow-0c544c7 jet-arrow next-arrow\"><i aria-hidden=\"true\" class=\"fas fa-angle-right\"><\/i><\/div><\/div>\n<\/div>\n<\/div>\t\t\t\t<\/div>\n\t\t\t\t<\/div>\n\t\t\t\t<\/div>\n\t\t<div class=\"elementor-element elementor-element-d91f76c e-flex e-con-boxed e-con e-parent\" data-id=\"d91f76c\" data-element_type=\"container\" data-e-type=\"container\" data-settings=\"{&quot;jet_parallax_layout_list&quot;:[]}\">\n\t\t\t\t\t<div class=\"e-con-inner\">\n\t\t\t\t<div class=\"elementor-element elementor-element-279dfda elementor-widget elementor-widget-text-editor\" data-id=\"279dfda\" data-element_type=\"widget\" data-e-type=\"widget\" data-widget_type=\"text-editor.default\">\n\t\t\t\t<div class=\"elementor-widget-container\">\n\t\t\t\t\t\t\t\t\t<div class=\"content-center\"><p>\u201cO trabalho da Ouri\u00e7o \u00e9 definido por sua capacidade de entender e respeitar a personalidade dos clientes e ainda conseguir surpreend\u00ea-los.\u201d<\/p><p>\u00a0<\/p><\/div><div class=\"info-arquitetos\"><div class=\"site\"><a href=\"https:\/\/www.ourico.com.br\/\" target=\"_blank\" rel=\"noopener\">https:\/\/www.ourico.com.br<\/a><\/div><div class=\"telefone\"><a href=\"https:\/\/api.whatsapp.com\/send?phone=+55%2021%20999161350\" target=\"_blank\" rel=\"noopener\">+55 21 999161350<\/a><\/div><\/div>\t\t\t\t\t\t\t\t<\/div>\n\t\t\t\t<\/div>\n\t\t\t\t\t<\/div>\n\t\t\t\t<\/div>\n\t\t\t\t<\/div>\n\t\t","protected":false},"excerpt":{"rendered":"<p>ARQUITETOS Enquanto voc\u00ea ainda n\u00e3o definiu a escolha do seu im\u00f3vel, imagine como poder\u00e1 ficar, \u201cdegustando&#8221; o trabalho de dois escrit\u00f3rios de arquitetura consagrados e premiados do Rio de Janeiro. Tenho imenso prazer em compartilhar com voc\u00ea os projetos dos craques da arquitetura e design de interiores, Beto Figueiredo e Luiz Eduardo Almeida, da Ouri\u00e7o [&hellip;]<\/p>\n","protected":false},"author":4,"featured_media":0,"parent":0,"menu_order":0,"comment_status":"closed","ping_status":"closed","template":"","meta":{"footnotes":""},"class_list":["post-1259","page","type-page","status-publish","hentry"],"yoast_head":"<!-- This site is optimized with the Yoast SEO plugin v27.4 - https:\/\/yoast.com\/product\/yoast-seo-wordpress\/ -->\n<title>Arquitetos - Fernando Versiani<\/title>\n<meta name=\"robots\" content=\"index, follow, max-snippet:-1, max-image-preview:large, max-video-preview:-1\" \/>\n<link rel=\"canonical\" href=\"https:\/\/fernandoversiani.com.br\/site\/arquitetos\/\" \/>\n<meta property=\"og:locale\" content=\"pt_BR\" \/>\n<meta property=\"og:type\" content=\"article\" \/>\n<meta property=\"og:title\" content=\"Arquitetos - Fernando Versiani\" \/>\n<meta property=\"og:description\" content=\"ARQUITETOS Enquanto voc\u00ea ainda n\u00e3o definiu a escolha do seu im\u00f3vel, imagine como poder\u00e1 ficar, \u201cdegustando&#8221; o trabalho de dois escrit\u00f3rios de arquitetura consagrados e premiados do Rio de Janeiro. Tenho imenso prazer em compartilhar com voc\u00ea os projetos dos craques da arquitetura e design de interiores, Beto Figueiredo e Luiz Eduardo Almeida, da Ouri\u00e7o [&hellip;]\" \/>\n<meta property=\"og:url\" content=\"https:\/\/fernandoversiani.com.br\/site\/arquitetos\/\" \/>\n<meta property=\"og:site_name\" content=\"Fernando Versiani\" \/>\n<meta property=\"article:modified_time\" content=\"2022-08-15T18:50:17+00:00\" \/>\n<meta property=\"og:image\" content=\"https:\/\/fernandoversiani.com.br\/site\/wp-content\/uploads\/2022\/08\/img-02.jpg\" \/>\n<meta name=\"twitter:card\" content=\"summary_large_image\" \/>\n<script type=\"application\/ld+json\" class=\"yoast-schema-graph\">{\"@context\":\"https:\\\/\\\/schema.org\",\"@graph\":[{\"@type\":\"WebPage\",\"@id\":\"https:\\\/\\\/fernandoversiani.com.br\\\/site\\\/arquitetos\\\/\",\"url\":\"https:\\\/\\\/fernandoversiani.com.br\\\/site\\\/arquitetos\\\/\",\"name\":\"Arquitetos - Fernando Versiani\",\"isPartOf\":{\"@id\":\"https:\\\/\\\/fernandoversiani.com.br\\\/site\\\/#website\"},\"primaryImageOfPage\":{\"@id\":\"https:\\\/\\\/fernandoversiani.com.br\\\/site\\\/arquitetos\\\/#primaryimage\"},\"image\":{\"@id\":\"https:\\\/\\\/fernandoversiani.com.br\\\/site\\\/arquitetos\\\/#primaryimage\"},\"thumbnailUrl\":\"https:\\\/\\\/fernandoversiani.com.br\\\/site\\\/wp-content\\\/uploads\\\/2022\\\/08\\\/img-02.jpg\",\"datePublished\":\"2022-08-10T22:38:34+00:00\",\"dateModified\":\"2022-08-15T18:50:17+00:00\",\"breadcrumb\":{\"@id\":\"https:\\\/\\\/fernandoversiani.com.br\\\/site\\\/arquitetos\\\/#breadcrumb\"},\"inLanguage\":\"pt-BR\",\"potentialAction\":[{\"@type\":\"ReadAction\",\"target\":[\"https:\\\/\\\/fernandoversiani.com.br\\\/site\\\/arquitetos\\\/\"]}]},{\"@type\":\"ImageObject\",\"inLanguage\":\"pt-BR\",\"@id\":\"https:\\\/\\\/fernandoversiani.com.br\\\/site\\\/arquitetos\\\/#primaryimage\",\"url\":\"https:\\\/\\\/fernandoversiani.com.br\\\/site\\\/wp-content\\\/uploads\\\/2022\\\/08\\\/img-02.jpg\",\"contentUrl\":\"https:\\\/\\\/fernandoversiani.com.br\\\/site\\\/wp-content\\\/uploads\\\/2022\\\/08\\\/img-02.jpg\",\"width\":860,\"height\":674},{\"@type\":\"BreadcrumbList\",\"@id\":\"https:\\\/\\\/fernandoversiani.com.br\\\/site\\\/arquitetos\\\/#breadcrumb\",\"itemListElement\":[{\"@type\":\"ListItem\",\"position\":1,\"name\":\"In\u00edcio\",\"item\":\"https:\\\/\\\/fernandoversiani.com.br\\\/site\\\/\"},{\"@type\":\"ListItem\",\"position\":2,\"name\":\"Arquitetos\"}]},{\"@type\":\"WebSite\",\"@id\":\"https:\\\/\\\/fernandoversiani.com.br\\\/site\\\/#website\",\"url\":\"https:\\\/\\\/fernandoversiani.com.br\\\/site\\\/\",\"name\":\"FERNANDO VERSIANI\",\"description\":\"Consultoria Imobili\u00e1ria\",\"publisher\":{\"@id\":\"https:\\\/\\\/fernandoversiani.com.br\\\/site\\\/#organization\"},\"potentialAction\":[{\"@type\":\"SearchAction\",\"target\":{\"@type\":\"EntryPoint\",\"urlTemplate\":\"https:\\\/\\\/fernandoversiani.com.br\\\/site\\\/?s={search_term_string}\"},\"query-input\":{\"@type\":\"PropertyValueSpecification\",\"valueRequired\":true,\"valueName\":\"search_term_string\"}}],\"inLanguage\":\"pt-BR\"},{\"@type\":\"Organization\",\"@id\":\"https:\\\/\\\/fernandoversiani.com.br\\\/site\\\/#organization\",\"name\":\"FERNANDO VERSIANI\",\"url\":\"https:\\\/\\\/fernandoversiani.com.br\\\/site\\\/\",\"logo\":{\"@type\":\"ImageObject\",\"inLanguage\":\"pt-BR\",\"@id\":\"https:\\\/\\\/fernandoversiani.com.br\\\/site\\\/#\\\/schema\\\/logo\\\/image\\\/\",\"url\":\"https:\\\/\\\/fernandoversiani.com.br\\\/site\\\/wp-content\\\/uploads\\\/2023\\\/04\\\/fernando-versiani-logo_23.png\",\"contentUrl\":\"https:\\\/\\\/fernandoversiani.com.br\\\/site\\\/wp-content\\\/uploads\\\/2023\\\/04\\\/fernando-versiani-logo_23.png\",\"width\":200,\"height\":52,\"caption\":\"FERNANDO VERSIANI\"},\"image\":{\"@id\":\"https:\\\/\\\/fernandoversiani.com.br\\\/site\\\/#\\\/schema\\\/logo\\\/image\\\/\"}}]}<\/script>\n<!-- \/ Yoast SEO plugin. -->","yoast_head_json":{"title":"Arquitetos - Fernando Versiani","robots":{"index":"index","follow":"follow","max-snippet":"max-snippet:-1","max-image-preview":"max-image-preview:large","max-video-preview":"max-video-preview:-1"},"canonical":"https:\/\/fernandoversiani.com.br\/site\/arquitetos\/","og_locale":"pt_BR","og_type":"article","og_title":"Arquitetos - Fernando Versiani","og_description":"ARQUITETOS Enquanto voc\u00ea ainda n\u00e3o definiu a escolha do seu im\u00f3vel, imagine como poder\u00e1 ficar, \u201cdegustando&#8221; o trabalho de dois escrit\u00f3rios de arquitetura consagrados e premiados do Rio de Janeiro. Tenho imenso prazer em compartilhar com voc\u00ea os projetos dos craques da arquitetura e design de interiores, Beto Figueiredo e Luiz Eduardo Almeida, da Ouri\u00e7o [&hellip;]","og_url":"https:\/\/fernandoversiani.com.br\/site\/arquitetos\/","og_site_name":"Fernando Versiani","article_modified_time":"2022-08-15T18:50:17+00:00","og_image":[{"url":"https:\/\/fernandoversiani.com.br\/site\/wp-content\/uploads\/2022\/08\/img-02.jpg","type":"","width":"","height":""}],"twitter_card":"summary_large_image","schema":{"@context":"https:\/\/schema.org","@graph":[{"@type":"WebPage","@id":"https:\/\/fernandoversiani.com.br\/site\/arquitetos\/","url":"https:\/\/fernandoversiani.com.br\/site\/arquitetos\/","name":"Arquitetos - Fernando Versiani","isPartOf":{"@id":"https:\/\/fernandoversiani.com.br\/site\/#website"},"primaryImageOfPage":{"@id":"https:\/\/fernandoversiani.com.br\/site\/arquitetos\/#primaryimage"},"image":{"@id":"https:\/\/fernandoversiani.com.br\/site\/arquitetos\/#primaryimage"},"thumbnailUrl":"https:\/\/fernandoversiani.com.br\/site\/wp-content\/uploads\/2022\/08\/img-02.jpg","datePublished":"2022-08-10T22:38:34+00:00","dateModified":"2022-08-15T18:50:17+00:00","breadcrumb":{"@id":"https:\/\/fernandoversiani.com.br\/site\/arquitetos\/#breadcrumb"},"inLanguage":"pt-BR","potentialAction":[{"@type":"ReadAction","target":["https:\/\/fernandoversiani.com.br\/site\/arquitetos\/"]}]},{"@type":"ImageObject","inLanguage":"pt-BR","@id":"https:\/\/fernandoversiani.com.br\/site\/arquitetos\/#primaryimage","url":"https:\/\/fernandoversiani.com.br\/site\/wp-content\/uploads\/2022\/08\/img-02.jpg","contentUrl":"https:\/\/fernandoversiani.com.br\/site\/wp-content\/uploads\/2022\/08\/img-02.jpg","width":860,"height":674},{"@type":"BreadcrumbList","@id":"https:\/\/fernandoversiani.com.br\/site\/arquitetos\/#breadcrumb","itemListElement":[{"@type":"ListItem","position":1,"name":"In\u00edcio","item":"https:\/\/fernandoversiani.com.br\/site\/"},{"@type":"ListItem","position":2,"name":"Arquitetos"}]},{"@type":"WebSite","@id":"https:\/\/fernandoversiani.com.br\/site\/#website","url":"https:\/\/fernandoversiani.com.br\/site\/","name":"FERNANDO VERSIANI","description":"Consultoria Imobili\u00e1ria","publisher":{"@id":"https:\/\/fernandoversiani.com.br\/site\/#organization"},"potentialAction":[{"@type":"SearchAction","target":{"@type":"EntryPoint","urlTemplate":"https:\/\/fernandoversiani.com.br\/site\/?s={search_term_string}"},"query-input":{"@type":"PropertyValueSpecification","valueRequired":true,"valueName":"search_term_string"}}],"inLanguage":"pt-BR"},{"@type":"Organization","@id":"https:\/\/fernandoversiani.com.br\/site\/#organization","name":"FERNANDO VERSIANI","url":"https:\/\/fernandoversiani.com.br\/site\/","logo":{"@type":"ImageObject","inLanguage":"pt-BR","@id":"https:\/\/fernandoversiani.com.br\/site\/#\/schema\/logo\/image\/","url":"https:\/\/fernandoversiani.com.br\/site\/wp-content\/uploads\/2023\/04\/fernando-versiani-logo_23.png","contentUrl":"https:\/\/fernandoversiani.com.br\/site\/wp-content\/uploads\/2023\/04\/fernando-versiani-logo_23.png","width":200,"height":52,"caption":"FERNANDO VERSIANI"},"image":{"@id":"https:\/\/fernandoversiani.com.br\/site\/#\/schema\/logo\/image\/"}}]}},"_links":{"self":[{"href":"https:\/\/fernandoversiani.com.br\/site\/wp-json\/wp\/v2\/pages\/1259","targetHints":{"allow":["GET"]}}],"collection":[{"href":"https:\/\/fernandoversiani.com.br\/site\/wp-json\/wp\/v2\/pages"}],"about":[{"href":"https:\/\/fernandoversiani.com.br\/site\/wp-json\/wp\/v2\/types\/page"}],"author":[{"embeddable":true,"href":"https:\/\/fernandoversiani.com.br\/site\/wp-json\/wp\/v2\/users\/4"}],"replies":[{"embeddable":true,"href":"https:\/\/fernandoversiani.com.br\/site\/wp-json\/wp\/v2\/comments?post=1259"}],"version-history":[{"count":34,"href":"https:\/\/fernandoversiani.com.br\/site\/wp-json\/wp\/v2\/pages\/1259\/revisions"}],"predecessor-version":[{"id":1983,"href":"https:\/\/fernandoversiani.com.br\/site\/wp-json\/wp\/v2\/pages\/1259\/revisions\/1983"}],"wp:attachment":[{"href":"https:\/\/fernandoversiani.com.br\/site\/wp-json\/wp\/v2\/media?parent=1259"}],"curies":[{"name":"wp","href":"https:\/\/api.w.org\/{rel}","templated":true}]}}